 digit of 1376952557?
7
What is the hundred millions digit of 2412125450?
4
What is the ten thousands digit of 783544546?
4
What is the hundred millions digit of 3680520047?
6
What is the tens digit of 42674347?
4
What is the ten millions digit of 587921810?
8
What is the ten millions digit of 5604204081?
0
What is the thousands digit of 186710853?
0
What is the ten thousands digit of 85574938?
7
What is the hundreds digit of 12127630?
6
What is the hundreds digit of 582740658?
6
What is the ten millions digit of 70493090?
7
What is the ten thousands digit of 46902344?
0
What is the hundred thousands digit of 808895103?
8
What is the units digit of 17382700?
0
What is the units digit of 32495177?
7
What is the tens digit of 362732593?
9
What is the units digit of 147128165?
5
What is the billions digit of 3739493655?
3
What is the tens digit of 144554418?
1
What is the hundred thousands digit of 2519452012?
4
What is the units digit of 52114241?
1
What is the ten millions digit of 129625624?
2
What is the millions digit of 2977654312?
7
What is the hundreds digit of 213103676?
6
What is the ten thousands digit of 53308576?
0
What is the hundred millions digit of 612321482?
6
What is the ten millions digit of 119453769?
1
What is the thousands digit of 149717183?
7
What is the tens digit of 315072183?
8
What is the hundred thousands digit of 501912966?
9
What is the units digit of 980149533?
3
What is the ten thousands digit of 16331471?
3
What is the millions digit of 98683916?
8
What is the ten thousands digit of 876852?
7
What is the millions digit of 444288038?
4
What is the tens digit of 712585113?
1
What is the ten millions digit of 4590006528?
9
What is the millions digit of 78528319?
8
What is the billions digit of 1348913168?
1
What is the thousands digit of 926426489?
6
What is the billions digit of 1835589018?
1
What is the hundreds digit of 853651317?
3
What is the millions digit of 297996689?
7
What is the ten thousands digit of 1303951315?
5
What is the millions digit of 103865883?
3
What is the hundreds digit of 2671707277?
2
What is the tens digit of 180767095?
9
What is the thousands digit of 284213922?
3
What is the ten thousands digit of 414335711?
3
What is the hundreds digit of 33415443?
4
What is the ten millions digit of 50495189?
5
What is the hundred millions digit of 462207320?
4
What is the hundreds digit of 2313289365?
3
What is the hundred thousands digit of 6674733233?
7
What is the hundred millions digit of 7168887444?
1
What is the thousands digit of 186694176?
4
What is the tens digit of 1839679902?
0
What is the thousands digit of 59956837?
6
What is the ten thousands digit of 47823506?
2
What is the tens digit of 2777529891?
9
What is the thousands digit of 520445128?
5
What is the ten millions digit of 163548518?
6
What is the ten thousands digit of 603565344?
6
What is the tens digit of 157167694?
9
What is the hundreds digit of 928973?
9
What is the thousands digit of 332109493?
9
What is the hundred thousands digit of 1419284647?
2
What is the thousands digit of 163088675?
8
What is the millions digit of 665839145?
5
What is the hundred thousands digit of 5491876075?
8
What is the thousands digit of 40115869?
5
What is the thousands digit of 14420100?
0
What is the ten millions digit of 980304454?
8
What is the hundred thousands digit of 181940310?
9
What is the hundred thousands digit of 78171276?
1
What is the hundred millions digit of 2385977734?
3
What is the hundred millions digit of 3218866599?
2
What is the billions digit of 6862109720?
6
What is the hundreds digit of 33551726?
7
What is the tens digit of 516900034?
3
What is the hundred thousands digit of 104370094?
3
What is the ten millions digit of 86787955?
8
What is the hundred millions digit of 122844771?
1
What is the thousands digit of 75916648?
6
What is the thousands digit of 264022087?
2
What is the ten thousands digit of 31493466?
9
What is the hundreds digit of 23790943?
9
What is the thousands digit of 12469271?
9
What is the hundred thousands digit of 6447087924?
0
What is the millions digit of 2489869260?
9
What is the ten millions digit of 68448756?
6
What is the units digit of 53468076?
6
What is the tens digit of 392987203?
0
What is the millions digit of 5340932905?
0
What is the hundred thousands digit of 813176686?
1
What is the millions digit of 53599605?
3
What is the hundreds digit of 255391889?
8
What is the hundred millions digit of 3654884362?
6
What is the hundred thousands digit of 1850220170?
2
What is the ten thousands digit of 16506292?
0
What is the millions digit of 8174538703?
4
What is the tens digit of 466613052?
5
What is the ten millions digit of 1824037700?
2
What is the millions digit of 51417109?
1
What is the hundred thousands digit of 230236617?
2
What is the ten thousands digit of 15719938?
1
What is the units digit of 53293356?
6
What is the tens digit of 4942415145?
4
What is the hundreds digit of 182383735?
7
What is the tens digit of 3957811652?
5
What is the tens digit of 48299860?
6
What is the millions digit of 864855519?
4
What is the thousands digit of 11337527?
7
What is the units digit of 492808?
8
What is the thousands digit of 500304220?
4
What is the ten thousands digit of 286581620?
8
What is the millions digit of 90717451?
0
What is the thousands digit of 232800039?
0
What is the thousands digit of 60588237?
8
What is the thousands digit of 77753635?
3
What is the tens digit of 137598312?
1
What is the hundred thousands digit of 532967352?
9
What is the hundred millions digit of 491173513?
4
What is the units digit of 686378220?
0
What is the tens digit of 3812631145?
4
What is the tens digit of 286881682?
8
What is the millions digit of 35458290?
5
What is the millions digit of 3693402?
3
What is the ten thousands digit of 919521158?
2
What is the billions digit of 4130363540?
4
What is the hundred thousands digit of 91408054?
4
What is the ten thousands digit of 151249821?
4
What is the ten thousands digit of 5412466509?
6
What is the units digit of 1027553847?
7
What is the hundreds digit of 1047625084?
0
What is the thousands digit of 18915258?
5
What is the units digit of 61632805?
5
What is the hundreds digit of 2684572477?
4
What is the ten thousands digit of 474314287?
1
What is the tens digit of 33907084?
8
What is the units digit of 16952386?
6
What is the millions digit of 548886779?
8
What is the hundreds digit of 270992458?
4
What is the thousands digit of 16193417?
3
What is the thousands digit of 572103357?
3
What is the hundreds digit of 138836258?
2
What is the hundreds digit of 496591902?
9
What is the hundred millions digit of 5268622967?
2
What is the hundred millions digit of 404172505?
4
What is the ten thousands digit of 300486304?
8
What is the millions digit of 902386870?
2
What is the hundreds digit of 62217848?
8
What is the millions digit of 34587224?
4
What is the tens digit of 680479706?
0
What is the millions digit of 796198304?
6
What is the hundreds digit of 101771531?
5
What is the ten millions digit of 35666432?
3
What is the ten millions digit of 644035314?
4
What is the ten thousands digit of 40676372?
7
What is the ten thousands digit of 105567254?
6
What is the hundred thousands digit of 685119440?
1
What is the billions digit of 1556122251?
1
What is the ten millions digit of 46293813?
4
What is the ten thousands digit of 97086325?
8
What is the hundreds digit of 302976356?
3
What is the ten millions digit of 1993073317?
9
What is the tens digit of 2151824222?
2
What is the hundred thousands digit of 2706368629?
3
What is the units digit of 233290245?
5
What is the units digit of 62043038?
8
What is the hundreds digit of 5413979572?
5
What is the hundred thousands digit of 22088543?
0
What is the hundreds digit of 1788785135?
1
What is the hundred millions digit of 417274313?
4
What is the thousands digit of 1558836921?
6
What is the thousands digit of 106046550?
6
What is the units digit of 3551390984?
4
What is the tens digit of 84371509?
0
What is the hundreds digit of 373505816?
8
What is the tens digit of 234786049?
4
What is the tens digit of 59858412?
1
What is the units digit of 71547768?
8
What is the ten thousands digit of 19619523?
